vided by -2 + (-1 - -1) - -7.
2
Let r be (-1 + -2)*1/(-3). Let s = 821 - 809. What is the remainder when (-33)/(r/(-1)) - -1 is divided by s?
10
Suppose 2*f - 5*y - 43 = 0, -6*f - y + 22 = -3*f. Calculate the remainder when 50 is divided by f.
5
Let k be 3/(-2)*(-96)/36. Let q be ((-1)/k*-4)/1. Suppose q = -p + 13. What is the remainder when 47 is divided by p?
11
Let r be ((-2)/(-4))/(1/2). Calculate the remainder when 49*r + (-4 - -8 - 6) is divided by 24.
23
Suppose 21*o - q - 23 = 19*o, q + 33 = 3*o. Let r be 2/5 + 804/(-10). Calculate the remainder when o is divided by 4/14 - r/14.
4
Suppose 0 = -4*w + u + 9, 3*w - 1 = -u + 4. Suppose -3*z + 8 = -w*z. What is the remainder when 29 is divided by z?
5
Let b be 6/10 + (-432)/20. Let i = b - -43. Let y = 85 - i. Calculate the remainder when y is divided by 13.
11
Let w(m) = -m**2 - 16*m + 351. Calculate the remainder when w(0) is divided by 73.
59
Let a(q) = q**2 - 17*q + 91. Calculate the remainder when 314 is divided by a(10).
20
Let z be (-2)/(-4) + 23/2. Suppose 0 = -z*j + 270 + 174. Let t = 13 - 3. Calculate the remainder when j is divided by t.
7
Let i be (-3)/((-27)/(-3)) + 2/6. Suppose 19*u - 16*u - 30 = i. What is the remainder when 15 is divided by u?
5
Suppose -3*s + 3*a = -44 - 31, -2*a - 26 = -s. Let x = 3070 + -2979. Calculate the remainder when x is divided by s.
19
Let s = 71 - 51. Suppose -65 = -7*n + 1174. What is the remainder when n is divided by s?
17
Let b(y) = -82*y - 43. Calculate the remainder when 603 is divided by b(-2).
119
Let v(y) = -y**3 + 4*y**2 - 3. Let w(l) = 3*l - 12. Let b be w(5). Let i be v(b). Suppose i*q = 2*q + 40. What is the remainder when q is divided by 6?
4
Calculate the remainder when 32 is divided by (276/42 - 0) + (-3)/(-7).
4
Let r be (-4)/18 - (-87)/27. Suppose r*u = 6*m - m + 1195, -4*u - 2*m = -1628. Suppose 0*x = 5*x - u. What is the remainder when x is divided by 21?
18
Suppose -h = -4*r - 59, -2 = -3*h + 5*h. What is the remainder when 32 is divided by (-2)/(-6) + 30/(-27)*r?
15
Let v(f) = 10*f**2 + 25*f - 9. What is the remainder when v(-6) is divided by 34?
31
Let d = -42 + 86. What is the remainder when d is divided by (9/(-12))/((-5)/100)?
14
Let x = 391 - 289. Calculate the remainder when 611 is divided by x.
101
Suppose -4 + 14 = d. Suppose 3*b = -b + 24. What is the remainder when d is divided by 38/8 - b/8?
2
Suppose -4*k + 271 = -93. Let x = k - 46. Let c(i) = 24*i**2 + 2*i - 2. Calculate the remainder when x is divided by c(1).
21
Suppose -5*w - 745 = -990. Calculate the remainder when 77 is divided by w.
28
Let k = 33 - 54. Let z(l) = -13*l**2 + 3*l + 2. Let p be z(-1). What is the remainder when (-4)/p + (-876)/k is divided by 15?
12
Suppose 40 = -15*v + 535. What is the remainder when v is divided by 7?
5
Let t(z) be the third derivative of 7*z**5/60 - z**4/12 - z**3/2 - 13*z**2. Calculate the remainder when 62 is divided by t(2).
20
Let n(s) = -10*s - 5. Let p be n(-4). Let z be (-5)/p + 30/14. Suppose -b + z*y + 43 = 0, 5*b - y - 4*y = 220. Calculate the remainder when b is divided by 23.
22
Let h be (-3)/(21/(-32)) - 3/(-7). Let d(k) = k**3 + 6*k**2 + 5*k + 3. Let s be d(-4). Let p = s - h. Calculate the remainder when 28 is divided by p.
8
Suppose 0 = 5*c - 24 - 56. Let q(d) = d - 3. Let i be q(3). Suppose -2*a - 3*j + 5*j + c = i, 2 = 4*a + 2*j. What is the remainder when a is divided by 3?
0
Suppose -2*b + 30 = 2*s - 102, 3*b = -4*s + 199. Calculate the remainder when b is divided by 18.
11
Suppose 3*x + h - 36 = 0, 2*x + 5*h = 3 + 8. Let c(r) = -r**3 - 4*r**2 - r + 4. What is the remainder when x is divided by c(-4)?
5
Suppose 82*v + 53 - 627 = 0. What is the remainder when (-8)/3*4*-3 is divided by v?
4
Let x(d) = -3*d**2 + d + 2. Let c be x(-1). Calculate the remainder when 44 is divided by ((-4)/(-4))/(c/(-18)).
8
Suppose 5*q - 7*q + 16 = 0. Let i = 10 + -6. What is the remainder when q is divided by i?
0
Let v(r) = 2*r**2 - 20*r + 4. Suppose -45 + 34 = -d. What is the remainder when v(d) is divided by 4?
2
Suppose 2*c - 8 = 0, -4*c - 7 = -3*u + 10. Suppose -2*y = -h + 55, 0 = y - 3*h + 17 - 2. Let m = u - y. What is the remainder when m is divided by 14?
13
Suppose 0 = -5*i + 4*o + 52, -5*i + 4*o + 16 = -3*i. Suppose 4*t = 16 + i. What is the remainder when 18 is divided by t?
4
Let u(t) = -272*t + 159. What is the remainder when u(-2) is divided by 47?
45
Suppose -5*j + 20 = 0, j + 3 = 5*z - 2*j. Let q = -389 - -236. What is the remainder when 2/(-4) + q/(-18) is divided by z?
2
Let i be (8/8)/(1/12). Let d = 28 - i. What is the remainder when 63 is divided by d?
15
Suppose 0 = -5*q + 10 + 15. Suppose -3*r = q*v - 11, 4*v - 11 = -2*r - 3. Calculate the remainder when ((-4)/6)/(4/(-18)) is divided by r.
1
Let k = 491 + -415. Calculate the remainder when k is divided by 3.
1
Let a(h) = h**2 + 1. Let c(y) = -3*y - 9. Let z(b) = -2*b - 9. Let m(w) = 5*c(w) - 6*z(w). Let p be m(5). What is the remainder when a(p) is divided by 19?
18
Calculate the remainder when -82*(-5)/10 - (0 + 5) is divided by 9.
0
Let m be ((-45)/(-10))/((-1)/4). Suppose 0 = -0*i + 3*i - 141. Calculate the remainder when i is divided by -2 - m - (-3 + 3).
15
Suppose -4*x - 16 = 0, 4*t - 4 = 3*x + 12. Let l be 3/(t + 3 + -5). Calculate the remainder when ((-84)/4)/(l/2) is divided by 6.
2
Suppose 15 = 5*f - 5*z, f = 5*f + 5*z - 3. Let g = 78 + -54. What is the remainder when g is divided by 1/(-3 + f) + 6?
4
Suppose 3*h + 4 = 2*g + 2*h, -3*h + 9 = g. Suppose 0*i + g*a - 339 = -4*i, -i = -2*a - 71. Calculate the remainder when i is divided by 21.
18
Let o(b) = -2*b - 2. Suppose 2*h - 15 = -t, t + 5*h = 25 - 7. What is the remainder when t is divided by o(-5)?
5
Suppose -31591 + 1951 = -57*y. Calculate the remainder when y is divided by 58.
56
Suppose 0 = -9*y - 14 + 221. Suppose -131 = -7*i + y. What is the remainder when 75 is divided by i?
9
Let i(k) = 0*k**3 - 6*k**2 - k**3 + 0 + 2*k - 10 + 8. Suppose 0 = 5*d + 4*q + 43, -d + 2*d - q = -5. Calculate the remainder when i(d) is divided by 9.
6
Let o = -39 + 42. Let a be ((-12)/(-14))/((-1)/(-28)). Suppose o*t - a = 3. What is the remainder when 25 is divided by t?
7
Let a(c) = c**3 + 11*c**2 - 13*c - 5. Let k be (-9)/(-1)*(-16)/12. What is the remainder when 20 is divided by a(k)?
6
Let c = -2 + 3. Let f be (-9)/(-6)*10/c. Suppose 4*d = 41 + f. What is the remainder when d is divided by 4?
2
Let d(x) = -79*x**3 + 3*x**2 - 120*x - 123. What is the remainder when d(-1) is divided by (-12)/((3/(-2))/1)?
7
Let a = 89 + -85. Let z = -1 - -3. Suppose 1 = z*j - 5. What is the remainder when a is divided by j?
1
Let q be (2*1)/(-3 + -9 + 14). Let a(c) = 18*c**3 - c**2 - c + 1. What is the remainder when -5*(0 + (-48)/5) is divided by a(q)?
14
Let s(p) = p + 25. Let z be s(-26). Calculate the remainder when 33 is divided by ((-3)/48*-4)/(z/(-76)).
14
Suppose 200 = -13*n + 17*n. Suppose -5*k + 0*t + n = -5*t, 3*k + 4*t = 37. What is the remainder when 17 is divided by k?
6
Suppose -5*x = -15 - 190. Let a = 213 + -132. What is the remainder when a is divided by x?
40
Suppose w - 40 = -4*f, 2*f + 26 - 28 = w. Let s(i) = i + 56. What is the remainder when s(0) is divided by w?
8
Suppose 180 = 8*f - 3*f. Suppose f*x - 35 = 31*x. Calculate the remainder when x is divided by 3.
1
Suppose 0 = -w + 4*w - 51. Let x = w - 2. Calculate the remainder when x is divided by 10.
5
Suppose 2 = 2*u - 10. Suppose -f = -6 - u. Calculate the remainder when 34 is divided by f.
10
Let i be 2/3 + (-12)/(-9) + 106. Suppose 0 = -45*x + 49*x - i. Calculate the remainder when 78 is divided by x.
24
Suppose 83*b + 17 = 82*b + 5*t, 2*b + 2*t = 26. What is the remainder when 133 is divided by b?
5
Suppose -10*u = -8*u + 20. Let d = -31 + -29. Calculate the remainder when 47 is divided by 48/d - 68/u.
5
Let h = -72 + 69. Let s(u) = -2*u**3 - 3*u**2. What is the remainder when 78 is divided by s(h)?
24
Suppose 2*q - 3*q = -2*f + 20, 0 = 3*q - 12. What is the remainder when 44 is divided by f?
8
Suppose 44 = 4*a - 2*a. Let m = a - 7. Suppose -93 + 383 = 5*d. Calculate the remainder when d is divided by m.
13
Let v(s) = s**2 - 8*s - 7. Let n be v(11). Suppose 6 = 5*x + n, 0 = 4*m - 4*x - 100. Let t = 165 - 103. What is the remainder whe